Let d = -10 - y. What is the remainder when 18 is divided by d?
4
Let m(y) = 2*y**2 + 2*y - 4. Let l be m(-3). What is the remainder when 14 is divided by (-66)/(-8) - l/32?
6
Suppose -t = 1 - 6. Suppose 3*c = 7 + 5. Calculate the remainder when t is divided by c.
1
Let k(v) = 3*v + 46. Calculate the remainder when 14 is divided by k(-15).
0
Let h(o) = 25*o**2 + o - 1. Let j be h(1). Let m = j + -15. Calculate the remainder when m is divided by 4.
2
Let r = -4 + 13. Let v = r - 801. What is the remainder when v/(-30) + (-4)/10 is divided by 14?
12
Suppose -11 = -3*f + 2*x, -4*f + 5*x = -2*f - 11. Suppose -f*w + 6*w = -4*s + 44, 4*s + 2*w - 48 = 0. What is the remainder when 26 is divided by s?
12
Suppose -11 = -5*n - 1. Suppose 0 = n*y - 7*y. Suppose -2*a + 38 = 4*f, y = -5*a + 4*f + 77 + 4. What is the remainder when a is divided by 9?
8
Let n(y) = y**3 + 2*y**2 - 2*y + 4. Let o be n(-3). Let l be (-3)/(o - (-54)/(-51)). Suppose -x + l = 2*x. Calculate the remainder when x is divided by 6.
5
Let u = 86 - 71. What is the remainder when 43 is divided by u?
13
Suppose 396 + 1071 = 9*j. What is the remainder when j is divided by 41?
40
What is the remainder when 32 is divided by ((-68)/8)/(1/(-2))?
15
Suppose 2*c - 2*p + p = 40, -3*c = -p - 60. Let o(b) = -b**2 - 14*b + 22. Let w be (-6)/(0 + 8/20). What is the remainder when c is divided by o(w)?
6
Let b(v) be the second derivative of -v**3 - v**2 - v. What is the remainder when b(-3) is divided by 5?
1
Suppose -v = -4*v + 2*k + 4, 3*k = v + 1. Calculate the remainder when 5 is divided by v.
1
Suppose 3*n = -2*n + 100. Suppose 3*p = n + 73. Calculate the remainder when p is divided by ((-2)/3)/(2/(-33)).
9
Let c(s) = 27*s**3 + s**2 - s + 1. Let k be 2/(0 + (-2)/(-1)). What is the remainder when c(k) is divided by 10?
8
Let x(k) = 2*k**2 + 1. Let f be x(2). Suppose -6*y - f = -9*y. Calculate the remainder when 3 is divided by y.
0
Suppose 4*r + 25 = 69. What is the remainder when 31 is divided by r?
9
Suppose 5*z - 3*y - 85 = 0, 14 = -5*z - 5*y + 59. Let i(o) = -6*o - 3. Calculate the remainder when i(-5) is divided by z.
13
Let m be 36*9/(-6)*-1. Let j = m + -36. What is the remainder when 53 is divided by j?
17
Suppose -5*t - 130 - 205 = 0. Let h = -45 - t. Suppose -g - 196 - 15 = -5*y, 3*g + 31 = y. Calculate the remainder when y is divided by h.
21
Suppose 68 = -5*f + 5*d + 273, -2*f = 4*d - 64. What is the remainder when f is divided by (-15)/(-4)*(-5)/30*-16?
8
Suppose -218 + 2 = -4*h - 4*k, -5*h + 246 = -3*k. Calculate the remainder when h is divided by 18.
15
Let v = 7 + 1. Let a(l) = 3*l. What is the remainder when a(v) is divided by 13?
11
Suppose 3*c = -5*f, -4*c = -0*c. Suppose j - 6 = -1. Suppose j*p - p - 8 = f. What is the remainder when 2 is divided by p?
0
Suppose n = -2*n - 6. Calculate the remainder when ((-7)/(-3))/(n/(-18)) is divided by (-28)/(-2) + (0 - -2) + -5.
10
Let n(z) = z**3 - 10*z**2 - 4*z - 15. Suppose -x + 96 = 2*x. What is the remainder when n(11) is divided by x?
30
Let d(w) = 143*w**2 + w - 1. Let i be d(1). Suppose 2*y - i - 203 = 0. Suppose 4*u = 3*b - u - 87, y = 5*b + u. Calculate the remainder when b is divided by 12.
10
Let z(u) = 25*u**2 - u. Let y = 7 - 6. What is the remainder when 95 is divided by z(y)?
23
Suppose 5*d - 18 + 0 = 4*s, -2*s = 2*d. Let c(o) = 8*o + 1. Let v(z) = -z**2 - 5*z + 6. What is the remainder when c(d) is divided by v(-5)?
5
Suppose 0 = 4*x - 8 - 108. Let c(h) = -h**3 + 5*h**2 + 4*h - 4. Calculate the remainder when x is divided by c(5).
13
Suppose 165 - 1 = -4*m. Let k = -25 - m. What is the remainder when k is divided by 9?
7
What is the remainder when 75 is divided by ((-39)/6)/(2/(-4))?
10
Suppose -5*a - 37 = -102. Calculate the remainder when 50 is divided by a.
11
Let c(a) = -a**3 + 5*a**2 + 10. Let u be c(5). Let h = u + 9. Calculate the remainder when h is divided by 5.
4
Let j be (27/(-12))/((-1)/(-4)). Let c = j + 20. Calculate the remainder when 32 is divided by c.
10
Suppose 3*j + 2*d + 2*d - 49 = 0, -2*d + 19 = j. Calculate the remainder when 19 is divided by j.
8
Suppose -u + 63 = 2*i, -i - 5*u = -13 + 4. Let p = 56 + -38. Calculate the remainder when i is divided by p.
16
Suppose -2*l + 5*u - 28 = 0, -5*l - 97 = -0*l + u. Let k = l + 44. Calculate the remainder when k is divided by 13.
12
Suppose -4*h + 183 = -3*s, 0 = -2*h - s + 3*s + 90. Suppose -12*t + 8*t + h = 0. What is the remainder when 46 is divided by t?
10
Let l(t) = t**2 + 9*t - 10. What is the remainder when 1 + 1 + -2 + 22 is divided by l(-11)?
10
Let q(f) = f**3 - 13*f**2 + 16*f - 1. Let k = 7 + 5. What is the remainder when q(k) is divided by 12?
11
Let z(a) = 7*a**2 - a - 30. Calculate the remainder when z(6) is divided by 31.
30
Suppose -5*v = -3*a - 59, 2*v - 5*a - 34 = 1. Suppose 0 = -k + 3*k - v. Suppose 9*r - k*r = 48. What is the remainder when r is divided by 7?
5
Suppose -y + 7 = 2*c, -3*c + 5 + 10 = 0. Let k = 4 + y. What is the remainder when 2 is divided by k?
0
Let o(u) = -u**2 - 5*u + 2. Suppose i - 7 = 3*f, i + 0*i - 1 = 5*f. Calculate the remainder when i/56 + (-52)/(-14) is divided by o(-5).
0
Let l(y) = -5*y + 3. Let o be l(-5). Suppose 6*g = 2*g + o. What is the remainder when g is divided by 5?
2
Let i be (-3)/6*0 + 4. What is the remainder when 35 + (0 - 1) + i is divided by 13?
12
Let m(x) be the third derivative of x**4/24 + x**3/6 - x**2. Let t be m(3). Let j(n) = 2*n**2 - n. Calculate the remainder when j(t) is divided by 10.
8
Suppose 15 = l + 6*p - p, -2*l + 3*p + 4 = 0. Suppose 8*x - 92 = 100. What is the remainder when x is divided by l?
4
Suppose 2*w = k + 15, 1 = k - 2. Suppose 0 = y - 4*z + 17, -2*y + 6*y = z - 8. Calculate the remainder when (y - -5)/((-3)/(-12)) is divided by w.
7
Let f = -6 - -38. Let g(s) = s**2 + 4*s + 1. Let x be g(-3). Calculate the remainder when f is divided by ((-34)/x)/(2/2).
15
Let w = 23 - 17. Calculate the remainder when 23 is divided by w.
5
Let g = 10 - 6. Let q = 14 - g. Suppose 4*j - 2*b - 22 = 0, 0 = -j + 3*b + 4 - 1. What is the remainder when q is divided by j?
4
Let j = -3 + 3. Let n = 3 - j. Suppose -3 = -w + n. What is the remainder when 10 is divided by w?
4
Suppose 4*d - 6 = -3*x + 4, d = x + 6. What is the remainder when 8 is divided by 3 - 0 - x - 0?
3
Let o(d) = 2*d**3 - 20*d**2 - 2*d + 29. What is the remainder when 71 is divided by o(10)?
8
Let w = -34 - -52. Let y = w + -2. What is the remainder when y is divided by 9?
7
Let u = -12 + 21. Let y(n) = -2*n. Let l be y(-1). Suppose l*j - 5*j + 48 = 0. Calculate the remainder when j is divided by u.
7
Let o(t) = t**3 + 2*t**2 + t + 123. Calculate the remainder when o(0) is divided by 21.
18
Let x(w) = 5*w**2 - 35. Let v(j) = -2*j**2 + 12. Let y(c) = -11*v(c) - 4*x(c). Let g(a) = a**2 + 4. Calculate the remainder when g(-3) is divided by y(0).
5
Let y be (-1)/(-3) + (-26)/(-3). Suppose 0 = f - y. What is the remainder when f is divided by 4?
1
Suppose 42 = 2*k - k. Let a be -3 + 1 + 2 - -2. Suppose -k = -4*l - a. Calculate the remainder when 29 is divided by l.
9
Suppose p = -3 + 31. What is the remainder when 53 is divided by p?
25
Let d = 40 - 22. What is the remainder when d is divided by 7?
4
Let t(g) be the second derivative of -3*g**2 + 1/2*g**4 + 0 + 1/6*g**3 - g - 1/20*g**5. What is the remainder when t(5) is divided by 13?
11
Let t = 19 + -11. What is the remainder when t is divided by 2?
0
Let q(k) = 3*k**2 + 3*k - 1. What is the remainder when 1/(-2) + 30/4 is divided by q(-2)?
2
Suppose -14 = 3*p + 5*d, d = -p - 2*d - 10. Let o = -1 + p. Calculate the remainder when 6/3 + (-1 - -1) is divided by o.
0
Let l = -23 + 28. What is the remainder when 19 is divided by l?
4
Let w(s) = -s**3 - 3*s**2 + s + 4. Suppose 3*g - 4 = -13. Calculate the remainder when 1 is divided by w(g).
0
Let m = 21 + -12. What is the remainder when (-12 + 0)*8/(-6) is divided by m?
7
Let j(v) = v**3 + 6*v**2 + 5*v + 6. Let x be (10/(-6))/((-2)/(-6)). Calculate the remainder when 10 is divided by j(x).
4
Let h(i) = i + 59. Let s = -10 - -10. Suppose -3*d - y = -64, s = -0*d - d - 2*y + 28. Calculate the remainder when h(0) is divided by d.
19
Let r = 5 - 9. Let s(p) = 3*p**2 - 2*p - 6. Let o(q) = -q**2 - q. Let v(l) = r*o(l) - s(l). What 